e factors of 456.
2, 3, 19
What are the prime factors of 21351?
3, 11, 647
List the prime factors of 916.
2, 229
List the prime factors of 148666.
2, 7, 37, 41
List the prime factors of 11.
11
List the prime factors of 1775.
5, 71
What are the prime factors of 3690?
2, 3, 5, 41
List the prime factors of 445.
5, 89
What are the prime factors of 77914?
2, 163, 239
List the prime factors of 4771.
13, 367
What are the prime factors of 973?
7, 139
List the prime factors of 28031.
28031
List the prime factors of 6346.
2, 19, 167
What are the prime factors of 1964?
2, 491
What are the prime factors of 3102?
2, 3, 11, 47
List the prime factors of 1527.
3, 509
What are the prime factors of 41811?
3, 7, 11, 181
List the prime factors of 63750.
2, 3, 5, 17
What are the prime factors of 55?
5, 11
What are the prime factors of 101256?
2, 3, 4219
List the prime factors of 63283.
11, 523
List the prime factors of 6542.
2, 3271
List the prime factors of 21672.
2, 3, 7, 43
What are the prime factors of 3542?
2, 7, 11, 23
What are the prime factors of 2367?
3, 263
What are the prime factors of 6074?
2, 3037
What are the prime factors of 11211?
3, 37, 101
List the prime factors of 2679.
3, 19, 47
What are the prime factors of 898?
2, 449
What are the prime factors of 20013?
3, 7, 953
What are the prime factors of 204865?
5, 40973
List the prime factors of 113.
113
List the prime factors of 69974.
2, 59, 593
What are the prime factors of 4241?
4241
List the prime factors of 522.
2, 3, 29
What are the prime factors of 1003?
17, 59
What are the prime factors of 6402?
2, 3, 11, 97
What are the prime factors of 29795?
5, 59, 101
What are the prime factors of 833?
7, 17
List the prime factors of 2910.
2, 3, 5, 97
What are the prime factors of 4814?
2, 29, 83
List the prime factors of 7595.
5, 7, 31
What are the prime factors of 921?
3, 307
What are the prime factors of 13321?
7, 11, 173
List the prime factors of 39428.
2, 9857
What are the prime factors of 3977?
41, 97
What are the prime factors of 2809?
53
List the prime factors of 1272.
2, 3, 53
What are the prime factors of 55428?
2, 3, 31, 149
List the prime factors of 952.
2, 7, 17
List the prime factors of 153433.
7, 23, 953
List the prime factors of 1481.
1481
List the prime factors of 51167.
19, 2693
List the prime factors of 4662.
2, 3, 7, 37
List the prime factors of 1392.
2, 3, 29
What are the prime factors of 1272?
2, 3, 53
List the prime factors of 41048.
2, 7, 733
List the prime factors of 83264.
2, 1301
List the prime factors of 113833.
67, 1699
List the prime factors of 420.
2, 3, 5, 7
List the prime factors of 117.
3, 13
List the prime factors of 750.
2, 3, 5
What are the prime factors of 4642?
2, 11, 211
List the prime factors of 10174.
2, 5087
What are the prime factors of 6355?
5, 31, 41
List the prime factors of 4144.
2, 7, 37
What are the prime factors of 345?
3, 5, 23
What are the prime factors of 5357?
11, 487
What are the prime factors of 45452?
2, 11, 1033
What are the prime factors of 129793?
129793
List the prime factors of 4817.
4817
List the prime factors of 8067.
3, 2689
What are the prime factors of 32738?
2, 16369
What are the prime factors of 8?
2
What are the prime factors of 56795?
5, 37, 307
List the prime factors of 14569.
17, 857
What are the prime factors of 3016?
2, 13, 29
What are the prime factors of 71929?
11, 13, 503
List the prime factors of 1210.
2, 5, 11
What are the prime factors of 278?
2, 139
What are the prime factors of 795?
3, 5, 53
What are the prime factors of 5814?
2, 3, 17, 19
List the prime factors of 101533.
101533
List the prime factors of 4075.
5, 163
List the prime factors of 26315.
5, 19, 277
What are the prime factors of 2862?
2, 3, 53
List the prime factors of 14208.
2, 3, 37
List the prime factors of 1236.
2, 3, 103
What are the prime factors of 78462?
2, 3, 1453
List the prime factors of 776.
2, 97
List the prime factors of 4236.
2, 3, 353
List the prime factors of 131.
131
List the prime factors of 2935.
5, 587
List the prime factors of 134.
2, 67
List the prime factors of 5030.
2, 5, 503
What are the prime factors of 63996?
2, 3, 5333
List the prime factors of 395.
5, 79
List the prime factors of 5574.
2, 3, 929
What are the prime factors of 4815?
3, 5, 107
What are the prime factors of 2976?
2, 3, 31
What are the prime factors of 1603?
7, 229
List the prime factors of 48907.
48907
List the prime factors of 5180.
2, 5, 7, 37
List the prime factors of 20185.
5, 11, 367
What are the prime factors of 3548?
2, 887
What are the prime factors of 61626?
2, 3, 10271
What are the prime factors of 88993?
88993
List the prime factors of 8004.
2, 3, 23, 29
What are the prime factors of 826?
2, 7, 59
List the prime factors of 20.
2, 5
List the prime factors of 8728.
2, 1091
List the prime factors of 25502.
2, 41, 311
What are the prime factors of 33412?
2, 8353
What are the prime factors of 6963?
3, 11, 211
What are the prime factors of 2146?
2, 29, 37
What are the prime factors of 6931?
29, 239
List the prime factors of 1327.
1327
What are the prime factors of 91211?
197, 463
List the prime factors of 697.
17, 41
What are the prime factors of 417?
3, 139
What are the prime factors of 4290?
2, 3, 5, 11, 13
List the prime factors of 961.
31
What are the prime factors of 8756?
2, 11, 199
What are the prime factors of 75753?
3, 19, 443
List the prime factors of 5093.
11, 463
List the prime factors of 1615.
5, 17, 19
What are the prime factors of 2219?
7, 317
List the prime factors of 17190.
2, 3, 5, 191
List the prime factors of 24648.
2, 3, 13, 79
What are the prime factors of 3735?
3, 5, 83
What are the prime factors of 338?
2, 13
List the prime factors of 165.
3, 5, 11
What are the prime factors of 184396?
2, 46099
What are the prime factors of 15580?
2, 5, 19, 41
List the prime factors of 26251.
26251
What are the prime factors of 2857?
2857
What are the prime factors of 8066?
2, 37, 109
List the prime factors of 22737.
3, 11, 13, 53
List the prime factors of 72514.
2, 13, 2789
List the prime factors of 9327.
3, 3109
List the prime factors of 163.
163
What are the prime factors of 6375?
3, 5, 17
List the prime factors of 887.
887
List the prime factors of 15897.
3, 7, 757
What are the prime factors of 32733?
3, 3637
List the prime factors of 135.
3, 5
List the prime factors of 1704.
2, 3, 71
What are the prime factors of 31822?
2, 7, 2273
What are the prime factors of 50993?
50993
List the prime factors of 955.
5, 191
What are the prime factors of 17637?
3, 5879
List the prime factors of 9687.
3, 3229
List the prime factors of 28146.
2, 3, 4691
What are the prime factors of 146?
2, 73
What are the prime factors of 2313?
3, 257
List the prime factors of 140681.
140681
List the prime factors of 38001.
3, 53, 239
List the prime factors of 2840.
2, 5, 71
List the prime factors of 95.
5, 19
What are the prime factors of 1112?
2, 139
What are the prime factors of 1658?
2, 829
What are the prime factors of 788?
2, 197
What are the prime factors of 344?
2, 43
List the prime factors of 653.
653
List the prime factors of 48656.
2, 3041
List the prime factors of 377.
13, 29
List the prime factors of 1765.
5, 353
What are the prime factors of 24600?
2, 3, 5, 41
List the prime factors of 1188.
2, 3, 11
List the prime factors of 96657.
3, 11, 29, 101
What are the prime factors of 13510?
2, 5, 7, 193
List the prime factors of 141.
3, 47
What are the prime factors of 2948?
2, 11, 67
What are the prime factors of 110233?
110233
What are the prime factors of 1961?
37, 53
List the prime factors of 50143.
41, 1223
What are the prime factors of 15755?
5, 23, 137
List the prime factors of 1333.
31, 43
List the prime factors of 10221.
3, 3407
What are the prime factors of 1004?
2, 251
What are the prime factors of 3088?
2, 193
List the prime factors of 2396.
2, 599
What are the prime factors of 108205?
5, 17, 19, 67
What are the prime factors of 185?
5, 37
List the prime factors of 1676.
2, 419
List the prime factors of 5205.
3, 5, 347
List the prime factors of 56268.
2, 3, 521
List the prime factors of 34758.
2, 3, 1931
What are the prime factors of 36476?
2, 11, 829
What are the prime factors of 1194?
2, 3, 199
What are the prime factors of 118196?
2, 13, 2273
List the prime f